 = 5*c - p. Let s(u) = 123 + c*u - 123. Give s(-3).
-6
Let i(w) = -4*w - 27. Let o(f) = -3*f - 21. Let x(l) = 2*i(l) - 3*o(l). Let s be (-1)/4*-6*-4. Let j = s + 6. Calculate x(j).
9
Let f(g) = 2*g - 10. Let d = 17 + -11. Let i = 3294 + -3295. Let s be -16*(2/i)/(d - 2). What is f(s)?
6
Suppose -2*w - 40 = -3*o - 23, 5*o = -w + 11. Let x(k) = k**2 + 3 + k**2 + 640*k**o - 639*k**3. Calculate x(-3).
-6
Suppose 3*h = 4*o + 13, -4*o - 3*h = -2*h + 1. Let w(q) be the first derivative of 5*q**4/2 - q**3/3 + 48819. Determine w(o).
-11
Let l(j) = -j**3 - 40*j**2 - 145*j - 40. Suppose 9*v - 48*v - 1872 = 13*v. Determine l(v).
-4
Suppose 4*w - 58 + 42 = 0. Suppose z = -w*z - 25. Let j(p) be the third derivative of p**4/12 + p**3/2 + 4*p**2. Determine j(z).
-7
Suppose 5 - 13 = 2*h, -34 = -5*t + h. Let b(j) be the third derivative of -j**4/24 - j**3/3 - 163*j**2 - 1. Give b(t).
-8
Let f(g) = 37*g - 2625. Let x be f(71). Let h(j) be the first derivative of j + 1/3*j**3 + 3*j**x - 11. Give h(-4).
-7
Let c(n) = -3*n - 4. Let v(f) = -2*f**2 - 17*f + 14. Let j be v(-5). Let h = j + -44. Determine c(h).
-19
Let f = -1232 + 1227. Let t(v) = 14*v + 54. Calculate t(f).
-16
Let q(u) be the second derivative of -u**3/3 - 11*u**2 - 3*u. Suppose 0 = 52*w + 69*w + 1376 - 287. Calculate q(w).
-4
Let w(x) = -x**3 + 5*x**2 - 7*x + 6. Let b be 34/9 - -9*(-18)/(-729). What is w(b)?
-6
Let t(u) be the second derivative of u**4/12 + 2*u**3 + 2*u**2 + 99*u. Calculate t(-12).
4
Let b = -210 + 211. Let s(x) = -x**2 + 93*x - 90*x + 0*x**2 - b. Calculate s(1).
1
Let j(c) = 728*c**3 - 2*c**2 + 7*c + 5. Let y be j(2). Let i(k) = k**3 - y - 2*k + 2918 + 2918 - k**2. Suppose 7*d - 3*d - 8 = 0. What is i(d)?
1
Let m(w) = -7*w + 26. Let f(d) = 2*d**2 - 5*d - 7. Let v be f(4). Suppose j + 14 = -v*g + 33, 4*j + 24 = 5*g. Give m(g).
-2
Let x(v) = 6 + 5 - 7 + 53*v - 51*v. Let z(k) = k + 7. Let r(s) = -s**2 + 2*s - 3. Let c be r(4). Let h be z(c). Determine x(h).
-4
Let t(g) be the second derivative of -g**4/12 - 2*g**3/3 - 11*g**2/2 + 3065*g - 2. Calculate t(-3).
-8
Let s = 7 - 12. Let f(u) be the third derivative of 205*u**2 - 1/120*u**6 + 1/12*u**4 + 0 - 1/15*u**5 + 0*u - 1/2*u**3. Calculate f(s).
12
Let o = -73 + 94. Let x = o + -20. Let f(g) = 10*g**3 - 1. Calculate f(x).
9
Suppose -2*v = -0*g + g - 8, -2*v = -g - 8. Let o = -231 - -235. Let d(p) = v*p - 2*p + o*p - 5*p + 15. Calculate d(-10).
5
Let i(b) = 2*b - 15*b + 5*b + 3*b + 3*b - 13. What is i(-9)?
5
Let u(x) = 2*x**2 - 129*x + 1914. Let t be u(23). Suppose 5*q - o = 25, -q + 2*o = -3*o - 5. Let i(c) = 7 - 4*c + q*c - 2. What is i(t)?
10
Let o(a) = 8157768*a**3 + a + 4*a + 1 + 2*a**2 - 3*a - 8157769*a**3. Let l be (-6)/9*(-9)/(-6). Determine o(l).
2
Let g(b) = -b**2 - 9*b + 1. Let a(f) = -3*f + 1. Let l(o) = 6*a(o) - g(o). Let r = 6 - 14. Let k be (-2)/r - (-270)/40. What is l(k)?
-9
Let r be (2 + 3)*(-1)/(-1). Suppose 0 = 2*t - 5*c - 9, -12 - 3 = -r*c. Suppose t*a - 7*a - 25 = 0. Let z(w) = w - 3. Give z(a).
2
Let h be 6/10 + 7/(-175)*115. Let q(p) = -2*p**2 - 11*p - 7. Give q(h).
5
Let x(r) be the third derivative of -r**6/120 - r**5/12 + 5*r**4/24 - r**3/2 + 19*r**2 - 16. What is x(-6)?
3
Suppose -295 = -5*w - 370. Let b(m) = -3*m + 11. Let u(c) = 8*c - 33. Let d(v) = 11*b(v) + 4*u(v). Determine d(w).
4
Let d(g) = 5*g - 79. Let j be (860/129)/((-4)/(-9) + 0/6). What is d(j)?
-4
Let v(j) be the second derivative of -j**5/20 - 3*j**4/2 + 3*j**3 - 23*j**2 - 3007*j. What is v(-19)?
-27
Let r(a) = -8*a - 251. Let w = -12211 - -12179. Give r(w).
5
Let c = 1683 - 1692. Let g(v) = 3*v - 2 + 2*v**2 - v**2 + 5*v - 1. Calculate g(c).
6
Let x(g) be the first derivative of g**4/4 + 16*g**3/3 + 8*g**2 + 10*g + 1. Suppose -727*i - 6982 + 359 = -260*i + 382. Calculate x(i).
-5
Let y(f) = 3*f - 4. Let p(x) = 3*x + 2. Let b(z) = -3*p(z) + 2*y(z). What is b(-9)?
13
Let y(s) be the first derivative of -s**2 - 2*s - 1. Let i(z) = -620*z - 16739. Let c be i(-27). Give y(c).
-4
Suppose -195*h = -199*h - j - 45, 0 = -2*j + 6. Let i(g) = g**3 + 14*g**2 + 22*g - 4. What is i(h)?
20
Let h(t) = -t**3 + 3*t**2 + 7*t - 13. Let j be 39/((-8424)/96) - 22*(-2)/18. Calculate h(j).
5
Let z(c) = 11*c + 132. Let l be z(-12). Let t(b) be the second derivative of -46*b + b**2 + l - 1/6*b**3. Determine t(-7).
9
Let t(c) = 8*c + 14. Let x be t(6). Let i(d) = -x + 7*d - d**2 + 35 + 17. What is i(4)?
2
Let t be (-1662)/3878*(-48 - 1). Let p(w) = -w**3 + 21*w**2 - w + 22. Give p(t).
1
Let a(d) be the third derivative of -d**5/12 + d**4 - 7*d**3/6 + 1113*d**2. Give a(7).
-84
Let c(u) = 44*u - 111*u + 0 + 7 + 2 + 62*u. Determine c(3).
-6
Let a(d) = 31*d**2 + 15*d**2 + 0*d - 2*d + 375 - 5*d**3 - d**2 - 366. What is a(9)?
-9
Let a be ((-126)/(-49))/(2/(-42)). Let r = -56 - a. Let l(s) = 3*s**2 + 3*s. Calculate l(r).
6
Suppose 0 = -g, 5*r + 2*g = -356 + 131. Let c be ((7 - (-275)/r)*9)/1. Let d(l) = 5*l + 7 + 4 + 9*l**2 - l**3 - 15*l. Determine d(c).
-5
Let m(x) be the first derivative of x**3/3 - 8*x**2 - 16*x + 7085. Give m(15).
-31
Let z = 44 + -34. Let q(i) = i**2 - 22*i**2 - 4*i**2 + 12 + i**3 + 17*i**2 - 2*i**2 - i. Determine q(z).
2
Let t(q) = -2*q - q - q**2 - 3*q. Let s(d) = d**2 + 3437*d - 34477. Let z be s(10). Determine t(z).
-7
Suppose -5*w = -5*j + 40, -50*w = -j - 53*w. Let g(t) = 0 + 94*t - 89*t - 3 + j + 4. Determine g(-3).
-8
Let f(z) = -21*z - 7 + 1 + z**2 + z**2. Suppose -4*u = -5*k - 64, 5*u = k + 238 - 179. What is f(u)?
5
Let q(c) = -390*c**2 - 393*c**2 - 396*c**2 + 5*c + 1178*c**2 + 4. Give q(4).
8
Let i(g) = -g + 11. Suppose -3*p = -3*n + 381, 5*p - 7*n = -10*n - 627. Let d = 136 + p. Calculate i(d).
1
Let t(y) = 2*y + 15. Let i be (-21)/14*20/(-15). Suppose i*q = 45 - 65. Determine t(q).
-5
Let r(t) = t**2 + 33*t + 145. Let z(m) = -m**2 - 48*m - 217. Let o(u) = -7*r(u) - 5*z(u). Calculate o(-5).
-25
Let o(v) be the first derivative of -v**4/12 + v**3/2 + 7*v**2/2 - v - 2. Let b(q) be the first derivative of o(q). Let y = -3741 + 3746. Calculate b(y).
-3
Let z(v) = -15*v + 1. Let r be z(-1). Let d(f) = f**3 + 11*f**2 - 55*f - 76. Let t(o) = 2*o**2 - 3*o - 5. Let p(l) = d(l) - 13*t(l). Determine p(r).
-11
Let f be (-98)/(-4) + 3/6. Let z be 50*(-5)/(-60) - 7/42. Let j be (f/(-5) - z)/(1/1). Let w(v) = -v**3 - 8*v**2 + 11*v + 8. What is w(j)?
-10
Let f(c) = -c**2 - 5*c - 11. Let z be f(5). Let q = z + 69. Let k(j) be the second derivative of j**4/12 - j**3 + 3*j**2 - 9*j - 4. Give k(q).
22
Let r(x) = -2*x**2 + x + 1. Let o(a) = -a**2 + 6*a + 1. Let g(j) = j**2 - 7*j - 1. Let u(y) = 5*g(y) + 6*o(y). Let n(q) = -r(q) + 4*u(q). Give n(4).
-17
Let g be (4/(-5))/((-4)/10). Let v(i) = -30*i - 15. Let x(r) = -6*r - 5. Let h(t) = -v(t) + 4*x(t). Calculate h(g).
7
Let o(m) = -3*m + 5. Suppose -283*d - 4*w - 21 = -286*d, 5*w = 4*d - 28. What is o(d)?
-16
Let p(k) be the second derivative of -2*k + 0 - 1/12*k**4 - 4*k**2 - 3/2*k**3. Let v(n) = n + 19. Let q be v(-28). Calculate p(q).
-8
Let x(h) = -77*h - 85 + 32*h + 18 - 443 - 84*h. What is x(-4)?
6
Let s(b) be the first derivative of -3*b + 1/2*b**2 - 61. Give s(-3).
-6
Let l(w) be the second derivative of -7*w**3/6 + w**2/2 + 20*w. Let c = -7 + -21. Let p = 29 + c. Give l(p).
-6
Let w(i) be the first derivative of i**3/3 - 15*i**2/2 + 18*i - 531. Give w(13).
-8
Let v(z) = -7*z + 92. Let w be v(11). Suppose 28*r - 25*r = w. Let a(k) = -6*k + 24. Give a(r).
-6
Let s(k) = -23 + 10*k - 70 - 55 + 140 - 70. Give s(8).
2
Let u(j) = -2*j**3 - 9*j. Let c(b) = -b**3 - b. Let r(o) = c(o) - u(o). Let v(p) be the second derivative of r(p). Let a = 29 + -30. Calculate v(a).
-6
Suppose -293 = 27*c - 158. Let w(a) = 5*a + 4. What is w(c)?
-21
Let s(t) = t**3 + 10 - 324312*t - 4*t**2 + 0*t**3 - t**2 + 324305*t - 3*t**2. Calculate s(8).
-46
Let b(t) = -2*t**2 - 2. Let f(o) = 6*o**2 - 9*o + 2. Let l(x) = 4*b(x) + f(x). Determine l(-3).
3
Let x(w) be the first derivative of -2*w**2 + 7*w + 170. Calculate x(4).
-9
Let k be 8/6 + (-2)/(-3). Suppose 0 = 2*m + 5*q + 8, -2*m - 2*q + 0 - k = 0. Let y(r) = -9 + r - 13 + 6 - m. What is y(0)?
-17
Let b = -190 - -190. Let m(z) = -1 + b + 14*z - 20*z + 18*z. Calculate m(-1).
-13
Let h(v) = -6 + 100*v + 24 + 5 - 51*v - 47*v. What is h(-4)?
15
Let i be 2204/232 - (8 - 2) - (-1)/(-2). Let